remainder when 5108 is divided by 150.
8
Calculate the remainder when 14698 is divided by 89.
13
Calculate the remainder when 23677 is divided by 4148.
2937
What is the remainder when 50494 is divided by 198?
4
Calculate the remainder when 8407 is divided by 102.
43
What is the remainder when 121984 is divided by 502?
500
Calculate the remainder when 4341 is divided by 1638.
1065
What is the remainder when 1174928 is divided by 43?
39
What is the remainder when 3365 is divided by 108?
17
What is the remainder when 1049578 is divided by 833?
831
What is the remainder when 2167 is divided by 1712?
455
What is the remainder when 10276 is divided by 1724?
1656
What is the remainder when 48147 is divided by 73?
40
What is the remainder when 96469 is divided by 455?
9
Calculate the remainder when 36487 is divided by 3034.
79
Calculate the remainder when 3030 is divided by 111.
33
What is the remainder when 317661 is divided by 2353?
6
What is the remainder when 21851 is divided by 4369?
6
Calculate the remainder when 4129416 is divided by 51.
48
What is the remainder when 23829 is divided by 4763?
14
What is the remainder when 49792 is divided by 49792?
0
Calculate the remainder when 124022 is divided by 395.
387
What is the remainder when 5040 is divided by 119?
42
Calculate the remainder when 32201 is divided by 1292.
1193
What is the remainder when 7525 is divided by 417?
19
Calculate the remainder when 5100 is divided by 1797.
1506
Calculate the remainder when 1744 is divided by 879.
865
Calculate the remainder when 37594 is divided by 103.
102
Calculate the remainder when 44129 is divided by 8789.
184
Calculate the remainder when 3246 is divided by 3205.
41
Calculate the remainder when 195757 is divided by 39151.
2
Calculate the remainder when 1444 is divided by 115.
64
Calculate the remainder when 38686 is divided by 56.
46
Calculate the remainder when 6800 is divided by 1034.
596
What is the remainder when 3717 is divided by 13?
12
What is the remainder when 12631 is divided by 79?
70
Calculate the remainder when 15353 is divided by 3064.
33
Calculate the remainder when 731586 is divided by 26.
24
What is the remainder when 25502 is divided by 1302?
764
What is the remainder when 1948 is divided by 1926?
22
Calculate the remainder when 15404 is divided by 7694.
16
What is the remainder when 33663 is divided by 261?
255
What is the remainder when 4975 is divided by 38?
35
What is the remainder when 117879 is divided by 18?
15
Calculate the remainder when 14867 is divided by 117.
8
What is the remainder when 210592 is divided by 55?
52
Calculate the remainder when 18550 is divided by 77.
70
Calculate the remainder when 26601 is divided by 3325.
1
Calculate the remainder when 8152 is divided by 15.
7
What is the remainder when 11403 is divided by 11?
7
What is the remainder when 16648 is divided by 724?
720
What is the remainder when 17686 is divided by 97?
32
Calculate the remainder when 3197 is divided by 3134.
63
What is the remainder when 3365 is divided by 1118?
11
Calculate the remainder when 1368 is divided by 337.
20
Calculate the remainder when 30250 is divided by 189.
10
Calculate the remainder when 11811 is divided by 134.
19
What is the remainder when 373480 is divided by 6?
4
What is the remainder when 348789 is divided by 39?
12
What is the remainder when 20755 is divided by 415?
5
Calculate the remainder when 1634902 is divided by 696.
694
Calculate the remainder when 9423 is divided by 25.
23
Calculate the remainder when 344 is divided by 16.
8
Calculate the remainder when 1930 is divided by 142.
84
Calculate the remainder when 94669 is divided by 18924.
49
What is the remainder when 624820 is divided by 1990?
1950
Calculate the remainder when 3722 is divided by 76.
74
Calculate the remainder when 17551 is divided by 37.
13
What is the remainder when 1978125 is divided by 144?
141
Calculate the remainder when 210886 is divided by 2481.
1
Calculate the remainder when 1303070 is divided by 1175.
1170
What is the remainder when 6209 is divided by 245?
84
What is the remainder when 57176 is divided by 60?
56
Calculate the remainder when 2013 is divided by 1658.
355
What is the remainder when 342385 is divided by 81?
79
Calculate the remainder when 7107 is divided by 3213.
681
What is the remainder when 893 is divided by 441?
11
Calculate the remainder when 8742 is divided by 81.
75
Calculate the remainder when 2919 is divided by 79.
75
What is the remainder when 75202 is divided by 632?
626
What is the remainder when 1227554 is divided by 23?
21
Calculate the remainder when 19319 is divided by 16.
7
What is the remainder when 30320 is divided by 133?
129
What is the remainder when 56665 is divided by 1951?
86
What is the remainder when 74301 is divided by 54?
51
What is the remainder when 9450 is divided by 700?
350
Calculate the remainder when 2033 is divided by 127.
1
What is the remainder when 23291 is divided by 4657?
6
What is the remainder when 124758 is divided by 261?
0
What is the remainder when 160804 is divided by 11?
6
Calculate the remainder when 74058 is divided by 460.
458
Calculate the remainder when 13007 is divided by 31.
18
Calculate the remainder when 211050 is divided by 277.
253
What is the remainder when 3080 is divided by 28?
0
What is the remainder when 8842 is divided by 2636?
934
Calculate the remainder when 1171 is divided by 630.
541
What is the remainder when 515936 is divided by 328?
320
Calculate the remainder when 269928 is divided by 280.
8
Calculate the remainder when 7991 is divided by 8.
7
Calculate the remainder when 2424 is divided by 95.
49
What is the remainder when 69077 is divided by 273?
8
Calculate the remainder when 367472 is divided by 4.
0
Calculate the remainder when 25738 is divided by 60.
58
Calculate the remainder when 79907 is divided by 61.
58
What is the remainder when 2047 is divided by 299?
253
Calculate the remainder when 76566 is divided by 190.
186
Calculate the remainder when 64055 is divided by 12803.
40
What is the remainder when 18617 is divided by 9307?
3
What is the remainder when 538 is divided by 48?
10
What is the remainder when 119675 is divided by 417?
413
Calculate the remainder when 229257 is divided by 30.
27
What is the remainder when 2621 is divided by 8?
5
What is the remainder when 287394 is divided by 447?
420
Calculate the remainder when 55643 is divided by 78.
29
Calculate the remainder when 475489 is divided by 129.
124
Calculate the remainder when 5554 is divided by 1370.
74
What is the remainder when 9915 is divided by 473?
455
What is the remainder when 3214 is divided by 15?
4
Calculate the remainder when 319862 is divided by 319844.
18
Calculate the remainder when 10300 is divided by 129.
109
Calculate the remainder when 187580 is divided by 11.
8
What is the remainder when 23142 is divided by 45?
12
What is the remainder when 82985 is divided by 9217?
32
Calculate the remainder when 302393 is divided by 336.
329
What is the remainder when 42766 is divided by 269?
264
What is the remainder when 452621 is divided by 66?
59
What is the remainder when 979254 is divided by 38?
32
Calculate the remainder when 2286 is divided by 332.
294
Calculate the remainder when 7881 is divided by 983.
17
What is the remainder when 4114439 is divided by 34?
31
What is the remainder when 39014 is divided by 19479?
56
What is the remainder when 23176 is divided by 687?
505
Calculate the remainder when 160199 is divided by 53372.
83
What is the remainder when 650758 is divided by 170?
168
What is the remainder when 2643 is divided by 58?
33
Calculate the remainder when 21893 is divided by 3073.
382
Calculate the remainder when 288721 is divided by 22.
15
Calculate the remainder when 159674 is divided by 3.
2
What is the remainder when 128039 is divided by 6400?
39
What is the remainder when 9263 is divided by 48?
47
What is the remainder when 4437 is divided by 78?
69
What is the remainder when 85020 is divided by 67?
64
What is the remainder when 1517 is divided by 1494?
23
Calculate the remainder when 22830 is divided by 8.
6
Calculate the remainder when 3641 is divided by 328.
33
What is the remainder when 2487693 is divided by 1295?
1293
What is the remainder w